{"id":462,"date":"2016-09-21T09:57:26","date_gmt":"2016-09-21T08:57:26","guid":{"rendered":"http:\/\/www.emap.no\/wordpress\/?page_id=462"},"modified":"2022-11-02T16:03:42","modified_gmt":"2022-11-02T15:03:42","slug":"hyttekart","status":"publish","type":"page","link":"https:\/\/www.emap.no\/wordpress\/produkter\/veggkart\/hyttekart\/","title":{"rendered":"Hyttekart"},"content":{"rendered":"\n<p><br><div id=\"metaslider-id-959\" style=\"width: 100%;\" class=\"ml-slider-3-92-0 metaslider metaslider-flex metaslider-959 ml-slider ml-slider-lightbox-1-13-2 firelight-lightbox-2-3-4 ms-theme-default\" role=\"region\" aria-roledescription=\"Slideshow\" aria-label=\"Hyttekart\">\n    <div id=\"metaslider_container_959\">\n        <div id=\"metaslider_959\">\n            <ul class='slides'>\n                <li style=\"display: none; width: 100%;\" class=\"slide-960 ms-image \" aria-roledescription=\"slide\" aria-label=\"slide-960\"><a href=\"https:\/\/www.emap.no\/wordpress\/wp-content\/uploads\/2016\/09\/Rondane-2014.jpg\" target=\"_self\" class=\"metaslider_image_link\" rel=\"lightbox[959]\"><img src=\"https:\/\/www.emap.no\/wordpress\/wp-content\/uploads\/2016\/09\/Rondane-2014-250x250.jpg\" height=\"250\" width=\"250\" alt=\"\" class=\"slider-959 slide-960\" title=\"Rondane\" \/><\/a><div class=\"caption-wrap\"><div class=\"caption\">Rondane<\/div><\/div><\/li>\n                <li style=\"display: none; width: 100%;\" class=\"slide-961 ms-image \" aria-roledescription=\"slide\" aria-label=\"slide-961\"><a href=\"https:\/\/www.emap.no\/wordpress\/wp-content\/uploads\/2016\/09\/Mer\u00e5kerfjella-2015.jpg\" target=\"_self\" class=\"metaslider_image_link\" rel=\"lightbox[959]\"><img src=\"https:\/\/www.emap.no\/wordpress\/wp-content\/uploads\/2016\/09\/Mer\u00e5kerfjella-2015-250x250.jpg\" height=\"250\" width=\"250\" alt=\"\" class=\"slider-959 slide-961\" title=\"Mer\u00e5kerfjella\" \/><\/a><div class=\"caption-wrap\"><div class=\"caption\">Mer\u00e5kerfjella<\/div><\/div><\/li>\n                <li style=\"display: none; width: 100%;\" class=\"slide-964 ms-image \" aria-roledescription=\"slide\" aria-label=\"slide-964\"><a href=\"https:\/\/www.emap.no\/wordpress\/wp-content\/uploads\/2016\/09\/Trollheimen-2015.jpg\" target=\"_self\" class=\"metaslider_image_link\" rel=\"lightbox[959]\"><img src=\"https:\/\/www.emap.no\/wordpress\/wp-content\/uploads\/2016\/09\/Trollheimen-2015-250x250.jpg\" height=\"250\" width=\"250\" alt=\"\" class=\"slider-959 slide-964\" title=\"Trollheimen\" \/><\/a><div class=\"caption-wrap\"><div class=\"caption\">Trollheimen<\/div><\/div><\/li>\n                <li style=\"display: none; width: 100%;\" class=\"slide-1037 ms-image \" aria-roledescription=\"slide\" aria-label=\"slide-1037\"><a href=\"https:\/\/www.emap.no\/wordpress\/wp-content\/uploads\/2018\/03\/Lillhammer50-91X61cm-2017-sample.png\" target=\"_self\" class=\"metaslider_image_link\" rel=\"lightbox[959]\"><img src=\"https:\/\/www.emap.no\/wordpress\/wp-content\/uploads\/2018\/03\/Lillhammer50-91X61cm-2017-sample-250x250.png\" height=\"250\" width=\"250\" alt=\"\" class=\"slider-959 slide-1037\" title=\"Hafjell - Nordseter - Sjusj\u00f8en\" \/><\/a><div class=\"caption-wrap\"><div class=\"caption\">Hafjell - Nordseter - Sjusj\u00f8en<\/div><\/div><\/li>\n                <li style=\"display: none; width: 100%;\" class=\"slide-1554 ms-image \" aria-roledescription=\"slide\" aria-label=\"slide-1554\"><a href=\"https:\/\/www.emap.no\/wordpress\/wp-content\/uploads\/2018\/11\/stdN50_demo.jpg\" target=\"_self\" class=\"metaslider_image_link\" rel=\"lightbox[959]\"><img src=\"https:\/\/www.emap.no\/wordpress\/wp-content\/uploads\/2018\/11\/stdN50_demo-250x250.jpg\" height=\"250\" width=\"250\" alt=\"\" class=\"slider-959 slide-1554\" title=\"N50-raster\" \/><\/a><div class=\"caption-wrap\"><div class=\"caption\">N50-raster<\/div><\/div><\/li>\n                <li style=\"display: none; width: 100%;\" class=\"slide-1555 ms-image \" aria-roledescription=\"slide\" aria-label=\"slide-1555\"><a href=\"https:\/\/www.emap.no\/wordpress\/wp-content\/uploads\/2018\/11\/sjokart_demo.jpg\" target=\"_self\" class=\"metaslider_image_link\" rel=\"lightbox[959]\"><img src=\"https:\/\/www.emap.no\/wordpress\/wp-content\/uploads\/2018\/11\/sjokart_demo-250x250.jpg\" height=\"250\" width=\"250\" alt=\"\" class=\"slider-959 slide-1555\" title=\"Sj\u00f8kart, raster\" \/><\/a><div class=\"caption-wrap\"><div class=\"caption\">Sj\u00f8kart, raster<\/div><\/div><\/li>\n            <\/ul>\n        <\/div>\n        \n    <\/div>\n<\/div><\/p>\n\n\n\n<!--more-->\n\n\n\n<div class=\"wp-block-image\"><figure class=\"alignright size-large is-resized\"><a href=\"https:\/\/www.emap.no\/wordpress\/wp-content\/uploads\/2022\/11\/Trysilfjellet-70x50cm-2022-thumb.jpg\"><img loading=\"lazy\" src=\"https:\/\/www.emap.no\/wordpress\/wp-content\/uploads\/2022\/11\/Trysilfjellet-70x50cm-2022-thumb-1024x732.jpg\" alt=\"\" class=\"wp-image-2600\" width=\"307\" height=\"220\" srcset=\"https:\/\/www.emap.no\/wordpress\/wp-content\/uploads\/2022\/11\/Trysilfjellet-70x50cm-2022-thumb-1024x732.jpg 1024w, https:\/\/www.emap.no\/wordpress\/wp-content\/uploads\/2022\/11\/Trysilfjellet-70x50cm-2022-thumb-300x214.jpg 300w, https:\/\/www.emap.no\/wordpress\/wp-content\/uploads\/2022\/11\/Trysilfjellet-70x50cm-2022-thumb-768x549.jpg 768w, https:\/\/www.emap.no\/wordpress\/wp-content\/uploads\/2022\/11\/Trysilfjellet-70x50cm-2022-thumb-1536x1097.jpg 1536w, https:\/\/www.emap.no\/wordpress\/wp-content\/uploads\/2022\/11\/Trysilfjellet-70x50cm-2022-thumb.jpg 2000w\" sizes=\"(max-width: 307px) 100vw, 307px\" \/><\/a><\/figure><\/div>\n\n\n\n<p>Et dekorativt kart over n\u00e6romr\u00e5det p\u00e5 hytta er et smykke p\u00e5 hytteveggen.&nbsp; Her har du oversikt over turstier og kan planlegge hvor du tenker \u00e5 g\u00e5, eller diskutere hvor dere har v\u00e6rt.<\/p>\n\n\n\n<p>Vi leverer kartene prim\u00e6rt plottet p\u00e5 baksiden av en gejnnomsiktig akylplate. Alternativt kan vi ogs\u00e5 levere<\/p>\n\n\n\n<ul><li>Plott p\u00e5 h\u00f8ykvalitetspapir. Levert p\u00e5 rull.<\/li><li>Plott p\u00e5 h\u00f8ykvalitets papir med laminering og ramme.<\/li><\/ul>\n\n\n\n<h2>Kartografi<\/h2>\n\n\n\n<p>Vi leverer 3 typer kartografi.<\/p>\n\n\n\n<ul><li><strong>Spesialkartografi<\/strong> \u2013 Vi kvalitetssikrer og bearbeider kartdataene for opptimalt pent resultat.\u00a0 Dette blir klart det peneste men siden dette er en omfattende produksjon, koster dette en del. Vi har ferdige bearbeidede kart som kan leveres rimeligere og p\u00e5 kort tid (se nedenfor).\u00a0 Disse legges etterhvert ut i v\u00e5r <a rel=\"noreferrer noopener\" href=\"https:\/\/www.emap.no\/wordpress\/product-category\/veggkart\/\" target=\"_blank\">nettbutikk<\/a> og kan kj\u00f8pes derifra. \u00d8nsker du et slikt kart over et annet omr\u00e5de kan du f\u00e5 ned kostnadene ved \u00e5 g\u00e5 sammen med hyttenaboene og gj\u00f8re en fellesbestilling. Sp\u00f8r oss om pris derom dere \u00f8nsker dette.<\/li><li><strong>Raster<\/strong> \u2013 N50, N100, og N250kartserien samt sj\u00f8kartserien er ogs\u00e5 tilgjengelig som raster (pixelgrafikk) i h\u00f8y oppl\u00f8sning. Dette gir bergrenset mulighet til \u00e5 p\u00e5virke kartografien (farger), men kan v\u00e6re et overkommelig alternativ. F\u00f8lgende alternativer tilbys.<ul><li><strong>Rasterkart &#8220;as-is&#8221; <\/strong>\u2013 Vi tar ut \u00f8nsket utsnitt fra Kartverkets rasterdatasett og legger p\u00e5 en enkel ramme med layout.<\/li><li><strong>Rasterkart med enkel terrengskygge<\/strong> \u2013 Vi tar ut \u00f8nsket utsnitt fra Kartverkets rasterdatasett samt terrengskygge over samme utsintt. Dette settes sammen med layout.<\/li><li><strong>Sj\u00f8dybde <\/strong>\u2013 Om kartet inneholder hav kan vi ogs\u00e5 legge inn en fargeskala p\u00e5 sj\u00f8dybde.<\/li><li><strong>Avansert skygge<\/strong> \u2013 Vi kan, om \u00f8nskelig f\u00e5r til et litt finere terrengskygge som gir varmere gulfarge p\u00e5 solsiden og en litt bl\u00e5lig farge p\u00e5 skygge siden. Blir litt penere enn en enkel terrengskygge. Dette krever at vi ogs\u00e5 laster ned terrengmodell som vi kan lage filtre av.<\/li><li><strong>Terrengskygge med hypsometrisk fargeskala<\/strong> \u2013 Med litt triksing og fiksing kan vi ogs\u00e5 f\u00e5 til en grunntone hvor fargen endrer seg med h\u00f8yden (hypsometrisk farge). Dette blir en del dyrere enn de andre alternativene da det er litt arbeid, men resultatet kan derimot bli mer innbydende.<\/li><li><strong>Retro-kart<\/strong> \u2013 og hvis du vil at kartet skal se litt &#8220;gammelt&#8221; ut kan vi ogs\u00e5 legge p\u00e5 et &#8220;retro-filter&#8221;<\/li><\/ul><\/li><\/ul>\n\n\n\n<p>Nedenfor ser du eksempler p\u00e5 de seks alternativene.<\/p>\n\n\n\n<div class=\"wp-block-columns\">\n<div class=\"wp-block-column\" style=\"flex-basis:100%\">\n<figure class=\"wp-block-gallery columns-3\"><ul class=\"blocks-gallery-grid\"><li class=\"blocks-gallery-item\"><figure><a href=\"https:\/\/www.emap.no\/wordpress\/wp-content\/uploads\/2022\/11\/N50r-as-is.jpg\"><img loading=\"lazy\" width=\"1024\" height=\"745\" src=\"https:\/\/www.emap.no\/wordpress\/wp-content\/uploads\/2022\/11\/N50r-as-is-1024x745.jpg\" alt=\"\" data-id=\"2601\" data-full-url=\"https:\/\/www.emap.no\/wordpress\/wp-content\/uploads\/2022\/11\/N50r-as-is.jpg\" data-link=\"https:\/\/www.emap.no\/wordpress\/produkter\/veggkart\/hyttekart\/n50r-as-is\/\" class=\"wp-image-2601\" srcset=\"https:\/\/www.emap.no\/wordpress\/wp-content\/uploads\/2022\/11\/N50r-as-is-1024x745.jpg 1024w, https:\/\/www.emap.no\/wordpress\/wp-content\/uploads\/2022\/11\/N50r-as-is-300x218.jpg 300w, https:\/\/www.emap.no\/wordpress\/wp-content\/uploads\/2022\/11\/N50r-as-is-768x559.jpg 768w, https:\/\/www.emap.no\/wordpress\/wp-content\/uploads\/2022\/11\/N50r-as-is-1536x1117.jpg 1536w, https:\/\/www.emap.no\/wordpress\/wp-content\/uploads\/2022\/11\/N50r-as-is-2048x1489.jpg 2048w\" sizes=\"(max-width: 706px) 89vw, (max-width: 767px) 82vw, 740px\" \/><\/a><figcaption class=\"blocks-gallery-item__caption\">Plain N50<\/figcaption><\/figure><\/li><li class=\"blocks-gallery-item\"><figure><a href=\"https:\/\/www.emap.no\/wordpress\/wp-content\/uploads\/2022\/11\/N50r-enkelt-relieff.jpg\"><img loading=\"lazy\" width=\"1024\" height=\"745\" src=\"https:\/\/www.emap.no\/wordpress\/wp-content\/uploads\/2022\/11\/N50r-enkelt-relieff-1024x745.jpg\" alt=\"\" data-id=\"2602\" data-full-url=\"https:\/\/www.emap.no\/wordpress\/wp-content\/uploads\/2022\/11\/N50r-enkelt-relieff.jpg\" data-link=\"https:\/\/www.emap.no\/wordpress\/produkter\/veggkart\/hyttekart\/n50r-enkelt-relieff\/\" class=\"wp-image-2602\" srcset=\"https:\/\/www.emap.no\/wordpress\/wp-content\/uploads\/2022\/11\/N50r-enkelt-relieff-1024x745.jpg 1024w, https:\/\/www.emap.no\/wordpress\/wp-content\/uploads\/2022\/11\/N50r-enkelt-relieff-300x218.jpg 300w, https:\/\/www.emap.no\/wordpress\/wp-content\/uploads\/2022\/11\/N50r-enkelt-relieff-768x559.jpg 768w, https:\/\/www.emap.no\/wordpress\/wp-content\/uploads\/2022\/11\/N50r-enkelt-relieff-1536x1117.jpg 1536w, https:\/\/www.emap.no\/wordpress\/wp-content\/uploads\/2022\/11\/N50r-enkelt-relieff-2048x1489.jpg 2048w\" sizes=\"(max-width: 706px) 89vw, (max-width: 767px) 82vw, 740px\" \/><\/a><figcaption class=\"blocks-gallery-item__caption\">N50 med enkelt terrengsygge<\/figcaption><\/figure><\/li><li class=\"blocks-gallery-item\"><figure><a href=\"https:\/\/www.emap.no\/wordpress\/wp-content\/uploads\/2022\/11\/N50r-enkelt-relieff-og-sjodybde-2.jpg\"><img loading=\"lazy\" width=\"1024\" height=\"745\" src=\"https:\/\/www.emap.no\/wordpress\/wp-content\/uploads\/2022\/11\/N50r-enkelt-relieff-og-sjodybde-2-1024x745.jpg\" alt=\"\" data-id=\"2612\" data-full-url=\"https:\/\/www.emap.no\/wordpress\/wp-content\/uploads\/2022\/11\/N50r-enkelt-relieff-og-sjodybde-2.jpg\" data-link=\"https:\/\/www.emap.no\/wordpress\/produkter\/veggkart\/hyttekart\/n50r-enkelt-relieff-og-sjodybde-2\/\" class=\"wp-image-2612\" srcset=\"https:\/\/www.emap.no\/wordpress\/wp-content\/uploads\/2022\/11\/N50r-enkelt-relieff-og-sjodybde-2-1024x745.jpg 1024w, https:\/\/www.emap.no\/wordpress\/wp-content\/uploads\/2022\/11\/N50r-enkelt-relieff-og-sjodybde-2-300x218.jpg 300w, https:\/\/www.emap.no\/wordpress\/wp-content\/uploads\/2022\/11\/N50r-enkelt-relieff-og-sjodybde-2-768x559.jpg 768w, https:\/\/www.emap.no\/wordpress\/wp-content\/uploads\/2022\/11\/N50r-enkelt-relieff-og-sjodybde-2-1536x1117.jpg 1536w, https:\/\/www.emap.no\/wordpress\/wp-content\/uploads\/2022\/11\/N50r-enkelt-relieff-og-sjodybde-2-2048x1489.jpg 2048w\" sizes=\"(max-width: 706px) 89vw, (max-width: 767px) 82vw, 740px\" \/><\/a><figcaption class=\"blocks-gallery-item__caption\">N50 med terrengskygge og sj\u00f8dybde<\/figcaption><\/figure><\/li><li class=\"blocks-gallery-item\"><figure><a href=\"https:\/\/www.emap.no\/wordpress\/wp-content\/uploads\/2022\/11\/N50r-farget-relieff-og-sjodybde.jpg\"><img loading=\"lazy\" width=\"1024\" height=\"745\" src=\"https:\/\/www.emap.no\/wordpress\/wp-content\/uploads\/2022\/11\/N50r-farget-relieff-og-sjodybde-1024x745.jpg\" alt=\"\" data-id=\"2604\" data-full-url=\"https:\/\/www.emap.no\/wordpress\/wp-content\/uploads\/2022\/11\/N50r-farget-relieff-og-sjodybde.jpg\" data-link=\"https:\/\/www.emap.no\/wordpress\/produkter\/veggkart\/hyttekart\/n50r-farget-relieff-og-sjodybde\/\" class=\"wp-image-2604\" srcset=\"https:\/\/www.emap.no\/wordpress\/wp-content\/uploads\/2022\/11\/N50r-farget-relieff-og-sjodybde-1024x745.jpg 1024w, https:\/\/www.emap.no\/wordpress\/wp-content\/uploads\/2022\/11\/N50r-farget-relieff-og-sjodybde-300x218.jpg 300w, https:\/\/www.emap.no\/wordpress\/wp-content\/uploads\/2022\/11\/N50r-farget-relieff-og-sjodybde-768x559.jpg 768w, https:\/\/www.emap.no\/wordpress\/wp-content\/uploads\/2022\/11\/N50r-farget-relieff-og-sjodybde-1536x1117.jpg 1536w, https:\/\/www.emap.no\/wordpress\/wp-content\/uploads\/2022\/11\/N50r-farget-relieff-og-sjodybde-2048x1489.jpg 2048w\" sizes=\"(max-width: 706px) 89vw, (max-width: 767px) 82vw, 740px\" \/><\/a><figcaption class=\"blocks-gallery-item__caption\">N50 med finere terrengskygge<\/figcaption><\/figure><\/li><li class=\"blocks-gallery-item\"><figure><a href=\"https:\/\/www.emap.no\/wordpress\/wp-content\/uploads\/2022\/11\/N50r-hyspometrisk-relieff.jpg\"><img loading=\"lazy\" width=\"1024\" height=\"745\" src=\"https:\/\/www.emap.no\/wordpress\/wp-content\/uploads\/2022\/11\/N50r-hyspometrisk-relieff-1024x745.jpg\" alt=\"\" data-id=\"2605\" data-full-url=\"https:\/\/www.emap.no\/wordpress\/wp-content\/uploads\/2022\/11\/N50r-hyspometrisk-relieff.jpg\" data-link=\"https:\/\/www.emap.no\/wordpress\/produkter\/veggkart\/hyttekart\/n50r-hyspometrisk-relieff\/\" class=\"wp-image-2605\" srcset=\"https:\/\/www.emap.no\/wordpress\/wp-content\/uploads\/2022\/11\/N50r-hyspometrisk-relieff-1024x745.jpg 1024w, https:\/\/www.emap.no\/wordpress\/wp-content\/uploads\/2022\/11\/N50r-hyspometrisk-relieff-300x218.jpg 300w, https:\/\/www.emap.no\/wordpress\/wp-content\/uploads\/2022\/11\/N50r-hyspometrisk-relieff-768x559.jpg 768w, https:\/\/www.emap.no\/wordpress\/wp-content\/uploads\/2022\/11\/N50r-hyspometrisk-relieff-1536x1117.jpg 1536w, https:\/\/www.emap.no\/wordpress\/wp-content\/uploads\/2022\/11\/N50r-hyspometrisk-relieff-2048x1489.jpg 2048w\" sizes=\"(max-width: 706px) 89vw, (max-width: 767px) 82vw, 740px\" \/><\/a><figcaption class=\"blocks-gallery-item__caption\">N50 med h\u00f8ydefarge<\/figcaption><\/figure><\/li><li class=\"blocks-gallery-item\"><figure><a href=\"https:\/\/www.emap.no\/wordpress\/wp-content\/uploads\/2022\/11\/N50r-retro-stil.jpg\"><img loading=\"lazy\" width=\"1024\" height=\"745\" src=\"https:\/\/www.emap.no\/wordpress\/wp-content\/uploads\/2022\/11\/N50r-retro-stil-1024x745.jpg\" alt=\"\" data-id=\"2606\" data-full-url=\"https:\/\/www.emap.no\/wordpress\/wp-content\/uploads\/2022\/11\/N50r-retro-stil.jpg\" data-link=\"https:\/\/www.emap.no\/wordpress\/produkter\/veggkart\/hyttekart\/n50r-retro-stil\/\" class=\"wp-image-2606\" srcset=\"https:\/\/www.emap.no\/wordpress\/wp-content\/uploads\/2022\/11\/N50r-retro-stil-1024x745.jpg 1024w, https:\/\/www.emap.no\/wordpress\/wp-content\/uploads\/2022\/11\/N50r-retro-stil-300x218.jpg 300w, https:\/\/www.emap.no\/wordpress\/wp-content\/uploads\/2022\/11\/N50r-retro-stil-768x559.jpg 768w, https:\/\/www.emap.no\/wordpress\/wp-content\/uploads\/2022\/11\/N50r-retro-stil-1536x1117.jpg 1536w, https:\/\/www.emap.no\/wordpress\/wp-content\/uploads\/2022\/11\/N50r-retro-stil-2048x1489.jpg 2048w\" sizes=\"(max-width: 706px) 89vw, (max-width: 767px) 82vw, 740px\" \/><\/a><figcaption class=\"blocks-gallery-item__caption\">Retro-stil<\/figcaption><\/figure><\/li><\/ul><\/figure>\n<\/div>\n<\/div>\n","protected":false},"excerpt":{"rendered":"","protected":false},"author":1,"featured_media":0,"parent":460,"menu_order":0,"comment_status":"closed","ping_status":"closed","template":"","meta":{"spay_email":""},"jetpack_shortlink":"https:\/\/wp.me\/P7l827-7s","_links":{"self":[{"href":"https:\/\/www.emap.no\/wordpress\/wp-json\/wp\/v2\/pages\/462"}],"collection":[{"href":"https:\/\/www.emap.no\/wordpress\/wp-json\/wp\/v2\/pages"}],"about":[{"href":"https:\/\/www.emap.no\/wordpress\/wp-json\/wp\/v2\/types\/page"}],"author":[{"embeddable":true,"href":"https:\/\/www.emap.no\/wordpress\/wp-json\/wp\/v2\/users\/1"}],"replies":[{"embeddable":true,"href":"https:\/\/www.emap.no\/wordpress\/wp-json\/wp\/v2\/comments?post=462"}],"version-history":[{"count":63,"href":"https:\/\/www.emap.no\/wordpress\/wp-json\/wp\/v2\/pages\/462\/revisions"}],"predecessor-version":[{"id":2617,"href":"https:\/\/www.emap.no\/wordpress\/wp-json\/wp\/v2\/pages\/462\/revisions\/2617"}],"up":[{"embeddable":true,"href":"https:\/\/www.emap.no\/wordpress\/wp-json\/wp\/v2\/pages\/460"}],"wp:attachment":[{"href":"https:\/\/www.emap.no\/wordpress\/wp-json\/wp\/v2\/media?parent=462"}],"curies":[{"name":"wp","href":"https:\/\/api.w.org\/{rel}","templated":true}]}}